f 7046?
0
What is the units digit of 761?
1
What is the ten thousands digit of 19056?
1
What is the units digit of 755?
5
What is the thousands digit of 15282?
5
What is the units digit of 6473?
3
What is the tens digit of 323?
2
What is the thousands digit of 2180?
2
What is the hundreds digit of 65264?
2
What is the units digit of 2472?
2
What is the units digit of 71721?
1
What is the thousands digit of 22242?
2
What is the hundreds digit of 63681?
6
What is the hundreds digit of 34916?
9
What is the tens digit of 1517?
1
What is the units digit of 64535?
5
What is the hundreds digit of 4532?
5
What is the hundreds digit of 2363?
3
What is the tens digit of 193?
9
What is the hundreds digit of 2467?
4
What is the tens digit of 5423?
2
What is the hundreds digit of 37255?
2
What is the tens digit of 2238?
3
What is the thousands digit of 1018?
1
What is the units digit of 3015?
5
What is the tens digit of 1645?
4
What is the tens digit of 2346?
4
What is the units digit of 2971?
1
What is the units digit of 20588?
8
What is the hundreds digit of 14242?
2
What is the thousands digit of 54583?
4
What is the units digit of 10983?
3
What is the thousands digit of 13618?
3
What is the hundreds digit of 798?
7
What is the tens digit of 202?
0
What is the thousands digit of 34308?
4
What is the thousands digit of 5835?
5
What is the thousands digit of 2967?
2
What is the units digit of 258?
8
What is the hundreds digit of 629?
6
What is the units digit of 14069?
9
What is the tens digit of 937?
3
What is the units digit of 1935?
5
What is the tens digit of 1454?
5
What is the ten thousands digit of 21595?
2
What is the ten thousands digit of 17806?
1
What is the hundreds digit of 8190?
1
What is the ten thousands digit of 13754?
1
What is the hundreds digit of 429?
4
What is the tens digit of 21416?
1
What is the units digit of 6565?
5
What is the thousands digit of 20413?
0
What is the tens digit of 5544?
4
What is the ten thousands digit of 28250?
2
What is the thousands digit of 2530?
2
What is the hundreds digit of 2105?
1
What is the tens digit of 5359?
5
What is the hundreds digit of 1211?
2
What is the tens digit of 32353?
5
What is the units digit of 7145?
5
What is the thousands digit of 5424?
5
What is the tens digit of 1169?
6
What is the units digit of 338?
8
What is the hundreds digit of 7943?
9
What is the hundreds digit of 4751?
7
What is the thousands digit of 2871?
2
What is the thousands digit of 3472?
3
What is the hundreds digit of 40911?
9
What is the thousands digit of 2376?
2
What is the hundreds digit of 6817?
8
What is the units digit of 13716?
6
What is the tens digit of 12145?
4
What is the thousands digit of 1186?
1
What is the tens digit of 389?
8
What is the hundreds digit of 43124?
1
What is the units digit of 5016?
6
What is the hundreds digit of 8105?
1
What is the tens digit of 247?
4
What is the ten thousands digit of 11747?
1
What is the hundreds digit of 6057?
0
What is the tens digit of 892?
9
What is the thousands digit of 11955?
1
What is the units digit of 2102?
2
What is the tens digit of 276?
7
What is the thousands digit of 90198?
0
What is the tens digit of 577?
7
What is the tens digit of 790?
9
What is the ten thousands digit of 23653?
2
What is the hundreds digit of 5696?
6
What is the hundreds digit of 15887?
8
What is the thousands digit of 5388?
5
What is the hundreds digit of 539?
5
What is the units digit of 211?
1
What is the thousands digit of 14260?
4
What is the hundreds digit of 2095?
0
What is the hundreds digit of 1029?
0
What is the units digit of 92?
2
What is the hundreds digit of 300?
3
What is the units digit of 5829?
9
What is the ten thousands digit of 93485?
9
What is the thousands digit of 12458?
2
What is the units digit of 906?
6
What is the thousands digit of 8060?
8
What is the thousands digit of 1212?
1
What is the hundreds digit of 1344?
3
What is the hundreds digit of 476?
4
What is the hundreds digit of 4824?
8
What is the tens digit of 1052?
5
What is the tens digit of 8049?
4
What is the ten thousands digit of 43731?
4
What is the hundreds digit of 763?
7
What is the units digit of 19258?
8
What is the units digit of 9735?
5
What is the hundreds digit of 10421?
4
What is the hundreds digit of 1281?
2
What is the hundreds digit of 115?
1
What is the thousands digit of 142183?
2
What is the hundreds digit of 386?
3
What is the units digit of 1877?
7
What is the hundreds digit of 911?
9
What is the tens digit of 1273?
7
What is the units digit of 1517?
7
What is the thousands digit of 6937?
6
What is the hundreds digit of 337?
3
What is the hundreds digit of 3807?
8
What is the tens digit of 11318?
1
What is the tens digit of 6363?
6
What is the hundreds digit of 58283?
2
What is the thousands digit of 5641?
5
What is the units digit of 78502?
2
What is the units digit of 5603?
3
What is the units digit of 5251?
1
What is the hundreds digit of 17001?
0
What is the thousands digit of 3764?
3
What is the hundreds digit of 24018?
0
What is the tens digit of 74048?
4
What is the ten thousands digit of 30536?
3
What is the hundreds digit of 1875?
8
What is the units digit of 10571?
1
What is the tens digit of 1019?
1
What is the hundreds digit of 1532?
5
What is the tens digit of 168751?
5
What is the tens digit of 63?
6
What is the tens digit of 13168?
6
What is the units digit of 13619?
9
What is the units digit of 9576?
6
What is the tens digit of 47753?
5
What is the hundreds digit of 17573?
5
What is the units digit of 49?
9
What is the hundreds digit of 1147?
1
What is the units digit of 232?
2
What is the tens digit of 7663?
6
What is the hundreds digit of 1133?
1
What is the units digit of 238?
8
What is the hundreds digit of 10259?
2
What is the thousands digit of 1283?
1
What is the units digit of 98?
8
What is the hundreds digit of 8069?
0
What is the tens digit of 21050?
5
What is the hundreds digit of 670?
6
What is the units digit of 665?
5
What is the hundreds digit of 370?
3
What is the units digit of 56258?
8
What is the tens digit of 610?
1
What is the units digit of 943?
3
What is the units digit of 663?
3
What is the hundreds digit of 9637?
6
What is the thousands digit of 5408?
5
What is the tens digit of 17389?
8
What is the hundreds digit of 1916?
9
What is the ten thousands digit of 15456?
1
What is the thousands digit of 2248?
2
What is the thousands digit of 9286?
9
What is the tens digit of 194?
9
What is the tens digit of 584?
8
What is the hundreds digit of 2495?
4
What is the thousands digit of 4297?
4
What is the units digit of 1686?
6
What is the hundreds digit of 5700?
7
What is the thousands digit of 17608?
7
What is the tens digit of 1579?
7
What is the units digit of 1448?
8
What is the hundreds digit of 14316?
3
What is the units digit of 3117?
7
What is the units digit of 644?
4
What is the hundreds digit of 693?
6
What is the thousands digit of 5430?
5
What is the hundreds digit of 35042?
0
What is the units digit of 2693?
3
What is the units digit of 7544?
4
What is the hundreds digit of 8764?
7
What is the tens digit of 3422?
2
What is the tens digit of 882?
8
What is the thousands digit of 3396?
3
What is the tens digit of 780?
8
What is the hundreds digit of 4177?
1
What is the tens digit of 716?
1
What is the thousands digit of 13641?
3
What is the units digit of 3445?
5
What is the tens digit of 2069?
6
What is the hundreds digit of 3334?
3
What is the units digit of 1557?
7
What is the ten thousands digit of 108080?
0
What is the hundreds digit of 1457?
4
What is the thousands digit of 23128?
3
What is the tens digit of 1771?
7
What is the thousands digit of 2216?
2
What is the hundreds digit of 3034?
0
What is the thousands digit of 10922?
0
What is the hundreds digit of 23658?
6
What is the hundreds digit of 1320?
3
What is the units digit of 96?
6
What is the units digit of 10062?
2
What is the tens digit of 995?
9
What is the thousands digit of 17441?
7
What is the units digit of 8598?
8
What is the ten thousands digit of 11011?
1
What is the tens digit of 1764?
6
What is the thousands digit of 31274?
1
What is the tens digit of 43179?
7
What is the units digit of 1371?
1
What is the units digit of 8029?
9
What is the tens d